84093 a prime number?
True
Is 379499 a prime number?
True
Is 54351901 a composite number?
True
Is 139027 a prime number?
False
Is 296898271 a prime number?
False
Is 276137 a composite number?
False
Is 79449037 a composite number?
False
Is 121575557 a prime number?
True
Is 1538752987 prime?
True
Is 8490217 a prime number?
True
Is 871469 composite?
True
Is 9818891 prime?
True
Is 22817981 a prime number?
False
Is 6322577 prime?
False
Is 9766697 composite?
True
Is 5233027 a composite number?
True
Is 626062603 a prime number?
True
Is 267624833 a composite number?
True
Is 6027527 composite?
True
Is 191329 a composite number?
True
Is 2555951 prime?
True
Is 12766279 a prime number?
True
Is 27365981 a composite number?
False
Is 12833591 a composite number?
False
Is 237028391 a prime number?
True
Is 2100187 a composite number?
True
Is 152235701 a composite number?
True
Is 50867759 composite?
False
Is 324910063 prime?
True
Is 307179029 a composite number?
False
Is 1594471 composite?
False
Is 2918885503 composite?
False
Is 2941283 prime?
True
Is 39381989 prime?
False
Is 39791957 a prime number?
True
Is 5801129 a prime number?
False
Is 72656979 prime?
False
Is 7466527 prime?
False
Is 81399821 a composite number?
False
Is 1796537 composite?
True
Is 2315981 composite?
False
Is 2222797 a prime number?
False
Is 6216797 composite?
False
Is 60141691 a composite number?
False
Is 43551899 a composite number?
False
Is 153161458 prime?
False
Is 1321286 composite?
True
Is 27047099 prime?
True
Is 34343367 a prime number?
False
Is 135461071 prime?
True
Is 916139399 a composite number?
True
Is 2994809 a composite number?
False
Is 11648713 a composite number?
False
Is 300565169 composite?
True
Is 1673891 composite?
True
Is 26129801 composite?
False
Is 48077083 a composite number?
False
Is 727121 prime?
True
Is 87950399 composite?
True
Is 580331 prime?
True
Is 104336279 a prime number?
True
Is 4274659 prime?
False
Is 359194643 composite?
False
Is 9406205 a composite number?
True
Is 37669979 a prime number?
True
Is 1257889 a composite number?
True
Is 481681 a composite number?
False
Is 489959 composite?
False
Is 6199021 a composite number?
True
Is 2206591 a prime number?
True
Is 11252051 a composite number?
False
Is 8989499 prime?
True
Is 287719 prime?
False
Is 49319 a composite number?
True
Is 11284167 a composite number?
True
Is 41180509 prime?
True
Is 307353701 a prime number?
True
Is 4519007 a composite number?
False
Is 1169996969 a prime number?
True
Is 20830211 prime?
True
Is 109893715 a composite number?
True
Is 483590693 a prime number?
True
Is 3113569 a prime number?
True
Is 36935027 composite?
True
Is 102460243 composite?
False
Is 39951937 prime?
False
Is 685483 a composite number?
True
Is 889529 prime?
False
Is 3069601 a composite number?
True
Is 3522971 prime?
True
Is 1761341 prime?
False
Is 598343 a composite number?
True
Is 902273 prime?
False
Is 1596163 composite?
False
Is 6269371 prime?
False
Is 62129671 a prime number?
True
Is 1022819 prime?
False
Is 7320233 a composite number?
True
Is 23107109 a prime number?
False
Is 192931831 a prime number?
True
Is 975781 prime?
False
Is 25934669 a prime number?
False
Is 1293799 a composite number?
True
Is 456283 a composite number?
False
Is 5479433 composite?
True
Is 522868081 prime?
False
Is 12938119 composite?
True
Is 13092643 a prime number?
False
Is 20455 prime?
False
Is 29534051 a composite number?
True
Is 5800477 a composite number?
False
Is 4122359 prime?
False
Is 130329359 composite?
True
Is 40123 a prime number?
True
Is 8290043 composite?
False
Is 2254298 prime?
False
Is 24757805 a prime number?
False
Is 343323157 a prime number?
True
Is 10344473 composite?
False
Is 66644923 prime?
True
Is 100591 prime?
True
Is 28792693 composite?
True
Is 8383963 a composite number?
True
Is 1415207 a prime number?
True
Is 11988029 composite?
False
Is 8191735 a prime number?
False
Is 45843997 a composite number?
False
Is 49282657 prime?
False
Is 423648097 composite?
True
Is 193759099 a composite number?
True
Is 20961299 a prime number?
True
Is 2102267 a composite number?
False
Is 10273919 prime?
False
Is 4479521 composite?
True
Is 1201909 a prime number?
True
Is 18928667 a prime number?
False
Is 164134897 a prime number?
False
Is 4880567 a composite number?
True
Is 19774769 a prime number?
False
Is 2270111 prime?
True
Is 639646463 prime?
True
Is 6137882 prime?
False
Is 14635211 prime?
True
Is 5837359 a prime number?
False
Is 78059789 composite?
False
Is 5970047 composite?
True
Is 247278463 prime?
False
Is 11583581 a prime number?
True
Is 633511 a prime number?
False
Is 1277297 prime?
False
Is 204783307 a composite number?
True
Is 112923523 a prime number?
True
Is 5245861 prime?
True
Is 919459 a composite number?
True
Is 74089211 prime?
False
Is 184281463 a prime number?
True
Is 11874613 a composite number?
True
Is 155618453 composite?
True
Is 555349 composite?
False
Is 1124423 a prime number?
True
Is 8436481 composite?
True
Is 299631 a prime number?
False
Is 35625803 prime?
True
Is 6021809 a prime number?
True
Is 75133261 composite?
True
Is 5107079 a prime number?
True
Is 162823391 composite?
False
Is 14385571 a prime number?
True
Is 43358489 prime?
False
Is 371282 composite?
True
Is 2251537 a composite number?
True
Is 15562189 composite?
False
Is 21371531 prime?
False
Is 292511771 a prime number?
True
Is 3058631 composite?
False
Is 101456671 a composite number?
True
Is 10751495 a prime number?
False
Is 5992873 a prime number?
False
Is 1189883 a composite number?
True
Is 696513 prime?
False
Is 103149663 composite?
True
Is 59828999 a prime number?
True
Is 137972447 composite?
False
Is 28721309 prime?
True
Is 1375229 composite?
True
Is 3249691 a composite number?
True
Is 375539209 prime?
False
Is 1393837 a composite number?
False
Is 8205913 a composite number?
False
Is 885285385 composite?
True
Is 18983957 prime?
True
Is 16056397 a prime number?
False
Is 29670983 composite?
False
Is 1430749 composite?
False
Is 69373781 a prime number?
True
Is 7607941 a composite number?
True
Is 478321 a prime number?
True
Is 86380753 a prime number?
True
Is 274103 prime?
True
Is 7406939 a composite number?
True
Is 956560859 a composite number?
False
Is 10685407 a prime number?
True
Is 214939 prime?
True
Is 1404973 a prime number?
True
Is 10606757 a prime number?
False
Is 2554801 composite?
False
Is 1414909 prime?
False
Is 1549271 a composite number?
False
Is 7779701 a prime number?
True
Is 608897411 composite?
False
Is 1786999 prime?
False
Is 21278113 a prime number?
False
Is 205391 prime?
True
Is 168341813 a prime number?
False
Is 43550833 a composite number?
True
Is 8836571 composite?
False
Is 43395361 composite?
True
Is 922163 a prime number?
False
Is 124164253 prime?
True
Is 64270439 a composite number?
False
Is 96310937 a prime number?
True
Is 4264405 a prime number?
False
Is 6697021 prime?
False
Is 3180101 prime?
True
Is 63599611 a prime number?
False
Is 48087289 composite?
True
Is 10965067 a prime number?
False
Is 68023597 prime?
True
Is 455703005 composite?
True
Is 7791631 a composite number?
True
Is 309809263 prime?
True
Is 20254659 prime?
False
Is 14968103 a prime number?
False
Is 2099593 a composite number?
False
Is 115842823 prime?
False
Is 35244301 a composite number?
False
Is 8108941 a composite number?
True
Is 10231465 a prime number?
False
Is 50807777 a prime number?
True
Is 67053587 a composite number?
True
Is 239665 a prime number?
False
Is 1920469 composite?
False
Is 35252381 prime?
True
Is 15845597 composite?
True
Is 231503 a composite number?
False
Is 4498679 a composite number?
False
Is 230011 composite?
True
Is 223563173 prime?
True
Is 179235597 a prime number?
False
Is 13728229 a prime number?
True
Is 34625893 composite?
False
Is 16486009 composite?
True
Is 3836587 composite?
False
Is 880219741 composite?
False
Is 24191533 a prime number?
True
Is 2220791 a prime number?
False
Is 14239073 composite?
True
Is 74826167 a composite number?
True
Is 1068152615 composite?
True
Is 137860411 a composite number?
True
Is 335542981 a prime number?
False
Is 454908919 composite?
True
Is 49478947 a composite number?
True
Is 1669057 a composite number?
True
Is 142018397 a prime number?
True
Is 189844667 a prime number?
True
Is 240599